3
Let o(h) = -23*h**3 + 5*h**2 + 4*h - 9. What are the prime factors of o(-4)?
3, 509
Let r = -86 + 170. Suppose 21*g + 637 = 8*g. Let b = g + r. What are the prime factors of b?
5, 7
Let r = -86 - -467. List the prime factors of r.
3, 127
Let i(m) = -m**2 + 7*m + 2. Let s be i(8). Suppose 3*g + 13 = 19. List the prime factors of (g/s)/(2/(-258)).
43
Let y = -37 + 47. List the prime factors of y.
2, 5
Suppose 3*k - 3828 = -9*k. What are the prime factors of k?
11, 29
Let g be 4/14*7/(-3)*-6. List the prime factors of (28/8 - g)*-146.
73
Let b = 922 + -373. List the prime factors of b.
3, 61
Let r(a) = a**3 - 7*a**2 - 19*a + 10. Let x be r(18). Let s be x/20 - 2/(-5). Let o = s - 111. List the prime factors of o.
3, 17
Suppose 0 = -t + 13*t - 48. Suppose -2 = -l + 2, 0 = -t*v - l + 404. List the prime factors of v.
2, 5
List the prime factors of (-59247)/145*(-3)/((-9)/(-10)).
2, 3, 227
Let g = -28 + 38. Let x(q) = 9*q + g + 4 - 15. What are the prime factors of x(2)?
17
Let a be -3 + (18 - 2/(-1)). Suppose -4*n - 5*g - 12 + 53 = 0, 3*n + g = a. Suppose 3*r = -n*r + 378. What are the prime factors of r?
2, 3
Suppose -3*h = 5*q - 130, 0*h = 5*h - 25. Suppose -4*x = -2 - 6. Suppose -x*y + 39 = -q. What are the prime factors of y?
31
Let r = 4 + 8. Suppose -2*k + 298 - r = 0. Suppose 4*a - 5*t = k, t = -a + 38 + 9. List the prime factors of a.
2, 3, 7
What are the prime factors of (601/(-3))/(17/(-51))?
601
Let j(i) = -5*i + i**2 + 25 + 3*i - 16*i. List the prime factors of j(24).
13
Let q be (-1916)/10*20/(-8). Suppose -8*o + 1343 = q. List the prime factors of o.
2, 3
Let l = 163 + -2. Suppose 4*d + 0*k - 179 = -k, -5*k = -4*d + l. What are the prime factors of d?
2, 11
Suppose 3*s - 120 = -j, -146 - 58 = -5*s - 3*j. Let q = 6 + 1. Suppose -2*m + q + s = 0. List the prime factors of m.
23
Suppose 0 = 35*b + 7*b - 49854. What are the prime factors of b?
1187
Let o(g) = -g**2 + 2 - 10*g**3 - 12 + 7*g**3 + 2*g**2 - 6*g. What are the prime factors of o(-3)?
2, 7
Let l = 77 + -73. Suppose -188 = -3*n - 2*q, -l*n + 215 = 5*q - 45. List the prime factors of n.
2, 3, 5
Let z(h) = -h**2 - 3*h + 7. Let b be -1 + 7/((-14)/6). What are the prime factors of z(b)?
3
Suppose 30 = b + 40. Let q(u) = 5*u - 3. Let m be q(-1). List the prime factors of (-180)/m*(-24)/b.
2, 3
Suppose -4*q - 27 = 5*c, 4*q - 4*c = -q - 3. Let g be 3*(q - -2)*3. Let n = 21 + g. What are the prime factors of n?
2, 3
Let r(f) = 2*f**2 + 8*f + 4. Let a be r(-3). Let s(l) = -26*l**3 + l - 2. What are the prime factors of s(a)?
2, 3, 17
Let t(g) be the third derivative of g**5/20 - g**4/12 + g**3/6 + g**2. Let u(l) = -l**2 + 6*l + 19. Let d be u(8). List the prime factors of t(d).
2, 11
Let u = -21 + 34. Let r = 17 - u. Suppose r*s - 6 = 3*s. List the prime factors of s.
2, 3
List the prime factors of 10 + -9 - (0 + -1646).
3, 61
Suppose 121*t - 32*t = 406552. List the prime factors of t.
2, 571
Let s(u) = 19*u**2 + 3*u - 36. What are the prime factors of s(-7)?
2, 19, 23
Let d(n) = -n**3 - 6*n**2 + 8*n + 9. Let o be d(-6). Let p be 1 - (-1 + 1 + o). What are the prime factors of ((-6)/5)/((-3)/p)?
2
Let s = 23 - 15. Let a = 103 - s. What are the prime factors of a?
5, 19
Let t = 2291 - 580. List the prime factors of t.
29, 59
Let f(k) = -k + 6. Let g be f(8). Let v = -2 - g. Suppose -3*n + v*n + 66 = 0. What are the prime factors of n?
2, 11
List the prime factors of (-4)/(32/1044)*160/(-15).
2, 3, 29
Let u = 87 - 42. Let m = 156 + u. What are the prime factors of m?
3, 67
Let p = 125 + 72. What are the prime factors of p?
197
Let p(v) = -v**3 + 4*v**2 + v - 1. Let q be p(4). Suppose 2*c - 24 = -l, -c - 2*c + 42 = q*l. List the prime factors of 18/c*(-90)/(-27).
2, 3
Suppose -13818 = -12*g + 5*g. Suppose -14*f + 7*f = -g. List the prime factors of f.
2, 3, 47
Suppose 0 = 15*m - 28*m + 16419. What are the prime factors of m?
3, 421
What are the prime factors of (-3 + 14/4)*(772 - -2)?
3, 43
What are the prime factors of (-1975)/(-4) + 39/156?
2, 13, 19
Suppose 6*t - t + 10 = -5*o, 0 = -3*o - 4*t - 11. Suppose -2*a - 5 + o = 0. Let d(p) = -22*p - 1. What are the prime factors of d(a)?
3, 7
Let j be 6/4 - (-5)/10. Suppose -3*f = -h + 20, j*h + 3*f = -2*h + 110. What are the prime factors of h?
2, 13
Let s = 37 + -37. Suppose -d + 147 - 13 = s. What are the prime factors of d?
2, 67
Suppose -9*d + 10*d = -3. Let a(k) = -7*k**3 - k**2 - k - 4. List the prime factors of a(d).
179
Let b be 132/(-14) - (-15)/35. Let s be 18/b - (-2 + 0). Suppose s*c - 4*c - 8 = -2*p, 0 = -4*p + 4*c + 36. What are the prime factors of p?
2, 7
Let y = -103 + 108. List the prime factors of 104/12*(y - 2).
2, 13
Suppose 9*x = -1568 + 6662. What are the prime factors of x?
2, 283
Let t(d) = -2*d**2 - 18*d. Let j(n) = n**2 + 9*n. Let o(z) = 7*j(z) + 4*t(z). Let p be o(-5). Suppose -5*s + p = -50. What are the prime factors of s?
2, 7
Let f(p) be the third derivative of 11*p**4/12 + 8*p**3/3 + 26*p**2. What are the prime factors of f(3)?
2, 41
Suppose -3*l - 2*c + 1750 = 0, 3*l + 3*c - 2*c - 1751 = 0. List the prime factors of l.
2, 73
Suppose 94*k - 43458 = 107976. List the prime factors of k.
3, 179
Let j(p) = 3*p**2 - 12*p + 7. Let g be j(9). Suppose -4*x = -3*x - g. Suppose 0*b - 2*b = -x. What are the prime factors of b?
71
Suppose v + 3*u + 6 = -0*v, 0 = 3*v - u - 12. Suppose 1 = w - v. Suppose 0 = -w*m, -3*m + 9 = -5*q + 29. List the prime factors of q.
2
Suppose 5*l - 5*s - 7825 = 0, 3*l - 4671 = 169*s - 172*s. List the prime factors of l.
7, 223
Let n be ((-336)/35)/(2/(-10)). Suppose g + n = 144. List the prime factors of g.
2, 3
Let j = -7 - -5. Let m be (2 + j)/(2*-1). Suppose 5*b - 3*b - 60 = -4*k, m = 4*k + 4*b - 64. List the prime factors of k.
2, 7
Suppose 6 + 24 = 5*m. List the prime factors of 69 - (-1)/3*36/m.
71
Suppose 8*f = -0 + 24. Suppose 0 = -f*m + 8*m - 590. List the prime factors of m.
2, 59
Suppose -2230 = -13*s + 2866. List the prime factors of s.
2, 7
Suppose 2*j + 11 = g + j, -j + 4 = 0. Let l = 10 + g. What are the prime factors of l?
5
Let y = -201 + 346. What are the prime factors of y?
5, 29
Let a(v) = -4*v + 1. Let q be a(-1). Suppose -2*n + 64 = -4*x, 0 = -n + x - 0*x + 27. Suppose -q*z + n = -13. What are the prime factors of z?
7
Suppose 58*c = 57*c + 941. Let v = c + -626. List the prime factors of v.
3, 5, 7
Let r be (-8)/(-6)*1161/2 + 4. List the prime factors of (-34)/(-119) - 6/(-28)*r.
167
Let u = 65 + -65. Suppose -f + 6*f - 170 = u. What are the prime factors of f?
2, 17
Suppose -5*f = -7*f + 6. Suppose 0 = 2*y + 4*x - 478, -2*y - f*x + 395 + 85 = 0. List the prime factors of y.
3
Suppose -190*u = -196*u - 12. What are the prime factors of 60/(-30)*82/u?
2, 41
Let d(i) = i. Let g(j) = -7*j - 4 + 7*j - 2 + 13*j. Let h(y) = -6*d(y) + g(y). What are the prime factors of h(6)?
2, 3
Suppose 12*o + 21 = 5*o. Let s be 945/5*(-2)/o. Suppose 3*a + 5*x = 56 + 41, 4*a = -5*x + s. List the prime factors of a.
29
What are the prime factors of 459 - (3 - 1 - 6)?
463
Let s = 3882 + -2093. What are the prime factors of s?
1789
Suppose 2*p - 11484 = -9*p. List the prime factors of p.
2, 3, 29
Suppose -2*x = -2*h - 2*h - 10, -x = 2*h - 5. Suppose -80 = 3*u + 2*z, 4 = -x*z - 1. Let i = u + 65. List the prime factors of i.
3, 13
Let m be 4*4/8 + 5. Suppose 3*g = 11 + m. List the prime factors of 4*(3 + 21/g).
2, 13
List the prime factors of -1 - ((-1)/(-1))/((-14)/70).
2
List the prime factors of (-12300)/(-18) + (8/3)/(-8).
683
Let y = 1368 + -463. What are the prime factors of y?
5, 181
What are the prime factors of (-4)/8*(0 - 2 - 356)?
179
Let k(o) = -o**3 + 19*o**2 - 18*o - 5. Let m be k(18). List the prime factors of ((2 - -1) + m)*314/(-4).
157
Let q be (-16)/(-3)*(-189)/(-36). Suppose 0 = -2*l + s + 68, 3*s = -4*l - q + 144. Suppose 8*t = 4*t + l. List the prime factors of t.
2
Let j(r) = -47*r**3 + r. Let v = -11 + 10. List the prime factors of j(v).
2, 23
Suppose 2*i = -5*v - 10, 7*i - v - 2 = 2*i. Suppose -4*n + 4 + 8 = i. Let j(s) = s**2 - s + 2. What are the prime factors of j(n)?
2
Suppose -k = 4*n - 12667, 25*k = 5*n + 22*k - 15838. What are the prime factors of n?
3167
Suppose -72 = 2*o - 912. Suppose -12*f = -7*f - o. What are the prime factors of f?
2, 3, 7
Let p(r) = r*